, 1087 = 3*m - v. What is the units digit of m?
3
Let l = -40 + 64. What is the units digit of (204/(-2))/(l/(-16))?
8
Let r(o) = -263*o - 370. What is the hundreds digit of r(-3)?
4
Suppose -3*n + 4*y + 2 = 0, -3*n + y - 11 - 2 = 0. Let x be n/33 - 35/(-11). Suppose -x*w = -2*u + 59 + 17, -3*u + 5*w = -115. What is the units digit of u?
5
Suppose -3*a + 5 = -4. What is the units digit of 97/a - (-10)/15?
3
Let o be 1 + (-3)/6 - (-6)/4. Suppose -3*c + r = -34, o*c + r = -0*c + 16. What is the tens digit of c?
1
Suppose -10*p + 5760 = 8*p. What is the hundreds digit of p?
3
Let u = 16 + -12. Let j be (-4 - -2 - -1) + 4. Suppose -u*k - 76 = -3*n, j*n = 4*n + 3*k - 34. What is the units digit of n?
8
Let n be (-2 - 0)*(2 - 1). Let c(x) be the first derivative of -x**4/4 - 2*x**3/3 - x**2 - 3*x + 2. What is the units digit of c(n)?
1
Let o(a) be the third derivative of 1/6*a**4 + 9*a**2 + 0*a + 1/20*a**5 - 7/6*a**3 + 0. What is the tens digit of o(-4)?
2
Suppose 11*j - 7*j + 5*r = 12363, -4*r - 4 = 0. What is the hundreds digit of j?
0
Suppose -8639 = -21*o + 14377. What is the units digit of o?
6
Suppose 5*o - 201 = 2*n, -4*n + 2*n - 4*o - 156 = 0. Let f = 128 + n. What is the units digit of f?
0
Suppose 6*c = 8*c - 4. Suppose 2*u + c = -0*u. What is the tens digit of (-1 + u)*(-75)/6?
2
Let o(v) = 3*v - 49*v - 38*v + 2. Let x be o(2). Let y = -100 - x. What is the units digit of y?
6
Suppose 4*d = -11*d + 1170. Let b = 143 - d. What is the tens digit of b?
6
Suppose 12*j - 15*j = -4041. What is the hundreds digit of j?
3
Let c be 15/10*10/3. Let y be 28 - 4*(-3)/6. Suppose -c = 5*n - y. What is the units digit of n?
5
Let l(x) = 3*x**3 - 2*x**2 + 2. Let a be l(2). Suppose 26*n - 27*n = -3. What is the tens digit of 534/a - (-1)/n?
3
Let a be ((-1)/(-3))/((-14)/42). What is the hundreds digit of (-105 - (1 - 1))*a?
1
Let k(a) = -a**3 - a**2 + 2*a - 4. Suppose 0 = 5*s - 0*s + 25. Let y be k(s). Suppose -o - c = 4*c - 5, -4*o = -2*c - y. What is the units digit of o?
0
Let j(d) = -8*d**3 + d**2 + 46*d + 6. What is the tens digit of j(-6)?
9
Let f be 5 + 6/(-2 + 5). Suppose 2*p = o + 16, 2*p - f = 3. Let k(n) = n**3 + 8*n**2 + 8*n - 2. What is the units digit of k(o)?
2
Let l = -147 + 61. Let a = -53 - l. What is the tens digit of a?
3
Let l(g) be the second derivative of g**4/12 - g**3/2 + 21*g**2/2 - g. What is the units digit of l(6)?
9
Let i(u) = u. Let h be i(1). Let n be (-1)/((-1)/(-2)*h). What is the units digit of (-1)/(n + 100/52)?
3
Suppose 3*y + p = -66, -3*p + 3 = y + 17. Let d = 23 + y. Let f(a) = -a**3 + 2*a + 39. What is the tens digit of f(d)?
3
Let v = 2417 - 508. What is the thousands digit of v?
1
Suppose 2*b + 3 = 3*a - 5, -5*a + 5 = -5*b. Let l be (-4)/10*(1 - a). What is the units digit of ((-7)/l)/((-7)/14)?
7
Suppose 8272 = 11*k - 0*k. What is the hundreds digit of k?
7
Let x = -37 + 65. Let b = 54 + x. What is the tens digit of b?
8
Let y(o) be the second derivative of -o**5/20 - 17*o**4/12 + 4*o**2 - 2*o. Let t be y(-17). Suppose 51 = r - t. What is the units digit of r?
9
Let n = -4 - -108. What is the tens digit of n?
0
Let f(t) = -6*t - 2. Let x be (-5)/(-1) + -3 + 6. Suppose 1 = -n, -2*w + 5*w = n - x. What is the tens digit of f(w)?
1
Let n = -8 + 6. Let k = 3 + n. Suppose s - 70 = -2*o, 5*o - s + k - 183 = 0. What is the tens digit of o?
3
Suppose -5 = -o, g - 5 = -0*o - o. Suppose -4 = m - g. What is the units digit of -2 + 4*(-10)/m?
8
Let f be (0 + -2)/(9/(-9)). Suppose 0 = -5*j - 3*n + 13, -f*j = 2*n - n - 6. Suppose j*d - 348 = 2*p - p, 2*d - 4*p = 132. What is the units digit of d?
0
Let w(o) = -o**3 - 14*o**2 + o + 19. Let u be w(-14). Suppose -2*j - 5 = u*l - 318, 5*j = -5*l + 310. What is the units digit of l?
3
What is the tens digit of 8874/12*4/3?
8
Let m be (3 + 1)*(2 - 1). Suppose -m*a = 23 - 3. Let p = -1 - a. What is the units digit of p?
4
Suppose 2*q + q + 59 = -i, -5*i - 343 = -q. Let x = i - -145. What is the tens digit of x?
7
Let p = 6 + -4. Suppose 2*o = 4*z - 4, -2*z - 3*z + 5 = 3*o. What is the tens digit of 13 - (2/p - o)?
1
Suppose 5*l + 1009 = 2*s - 0*l, -2537 = -5*s - 2*l. What is the units digit of s?
7
Let u(o) = o + 8. Let g = -8 + 10. Suppose 2*r + a - 18 = -g*a, -4*a + 14 = r. What is the units digit of u(r)?
4
Let n(p) = 16*p - 6. Let o be n(4). Let k = 69 - o. What is the units digit of k?
1
Let s = -1 + 1. Let p be (14*2/20 + -2)*-10. What is the units digit of p*(-2)/(s - 6)?
2
Let b = 6 + -3. Suppose 0 = -b*p + 6*p - 156. What is the units digit of p?
2
Let c(z) = 7*z. Let w be c(-2). Let g = 6 - w. What is the units digit of g?
0
Let p(q) = -3391*q - 21. What is the hundreds digit of p(-1)?
3
Let n = -32 - -36. Suppose -8*z = -n*z - 84. What is the tens digit of z?
2
Let y(l) = -103*l - 214. What is the thousands digit of y(-53)?
5
What is the units digit of (-66392)/(-32) - 1/(-4)?
5
Let i(t) = t**3 - 6*t**2 - 12*t + 10. Let m = 31 - 23. What is the units digit of i(m)?
2
Suppose -3*a + 2176 = -1736. What is the hundreds digit of a?
3
Suppose 0 = -w + 102 + 1. Suppose 2*x - 16 = r - 2, -4*r + 4 = 4*x. Suppose 3*q - x - w = 0. What is the units digit of q?
6
Let d be (-116)/1 + 6/(-2). Let m = d + 5. What is the tens digit of ((-7)/(-21))/((-2)/m)?
1
Let a = -299 - -633. What is the hundreds digit of a?
3
Let x(u) = 0*u + 2*u - 10 + 15 + 0*u. Let v be 1 - 3*(-4)/3. What is the units digit of x(v)?
5
Let k be (-1)/3 + 22/3. Suppose 17 - k = 2*q. Suppose q*v = -10*f + 5*f + 55, f + 1 = 0. What is the tens digit of v?
1
What is the units digit of 473 + 2 - (13 + -13)?
5
Let o(t) = -t**3 + 2*t**2 + 3*t - 2. Let u be o(2). Suppose -5*l + u = -3*l. What is the units digit of (l/(-3))/((-4)/138)?
3
Let l be (-3)/(-18) - 34/(-12). What is the units digit of 10 - (-2 - 1)/l?
1
Suppose f + 245 = r, -9*r + 1230 = -4*r - 4*f. Suppose 5*d - p = 4*p + r, -246 = -5*d + 4*p. What is the tens digit of d?
4
Suppose 0 = 4*o + 2 - 22. Suppose 3*n + 3*w + 2281 = -n, o = w. What is the tens digit of n/(-10) - 6/15?
5
What is the units digit of 4474/10 + (-34)/85?
7
Let w = -8 - -12. Suppose 4*q = p + w, 5 + 26 = 2*p + 5*q. What is the tens digit of p/(-40) - 122/(-10)?
1
What is the hundreds digit of ((-20)/6)/((-20)/5940)?
9
Let r = -44 - -26. Let j = 116 + r. What is the units digit of j?
8
Suppose 15*r - 26313 = 65037. What is the thousands digit of r?
6
What is the tens digit of ((-14)/28)/(1/(-528))?
6
Let s = 85 - 59. Let k = 63 - s. What is the units digit of k?
7
Let w be 8/(-10)*118*-5. Suppose 0 = -3*x + x + 2*b + w, 3*x + 2*b = 703. What is the hundreds digit of x?
2
Suppose -3*l = 3*r - 3, 0*r = 3*l + 5*r - 1. Suppose -s + l = -v, 0*v + 10 = 5*s + 3*v. Let x = 57 - s. What is the units digit of x?
5
Suppose -4*u + f = -7, -u + 6*f - 3 = f. What is the tens digit of (12/4 - u)*67?
6
Suppose 0 + 24 = -u - 5*i, 3*i - 8 = 5*u. Let o be 36 + (0/u - -1). Let y = 57 - o. What is the tens digit of y?
2
Suppose -5*y + 5 = 3*p, 3*p + 5*y - 4*y = 13. Suppose u - 6*g + 47 = -5*g, 100 = -2*u + p*g. Let c = 66 + u. What is the units digit of c?
1
Let u(n) = -4*n + 3*n + 7 - 1 + 5*n. What is the tens digit of u(14)?
6
Let n(s) = 4*s + 13*s - s**2 + 13 - 4*s. What is the tens digit of n(13)?
1
Let l = 1 + 14. Suppose z + l = 7. What is the tens digit of (14/z)/((-1)/12)?
2
Suppose 3*y - 2*k - 181 = 0, -y - 4*y + 299 = -4*k. Suppose 0 = -5*o + 508 - y. What is the units digit of o?
9
Suppose 0 = -5*j + 4*j + 2*v + 88, 5*v - 10 = 0. Suppose 0 = 4*n - 2*p - j, -3*p - 38 = -2*n + 2*p. What is the tens digit of 868/n - 2/12?
3
What is the tens digit of (96/(-160))/(1/(-965))?
7
Suppose 92 = 9*r - 133. What is the units digit of r?
5
Let c(k) = -2*k**2 + 4*k - 1. Let p be c(2). Let n = p - -65. What is the tens digit of n?
6
Suppose -2*i + 12 + 4 = 0. Suppose i + 7 = 5*d. Suppose d*z = -4*u + 5, 4*u + z = 6*z + 45. What is the units digit of u?
5
Let q(l) = 4*l**2 + 6. Let z be q(4). Suppose -2*u = -5*s + z, 5*u - 50 = -5*s + 3*u. What is the tens digit of s?
1
Suppose -5*k = -3*o + 23, -2*o + 30 = 3*k + k. Let a(h) = -h**3 - 8*h**2 - 8*h - 5. Let c be a(-7). Suppose -q = -c*q + o. What is the units digit of q?
1
Suppose 3*y + m + 18 = 3*m, 2*m - 6 = 0. What is the units digit of (-3 - 2)/((-1)/(20 + y))